What are the prime factors of 343376?
2, 11, 1951
What are the prime factors of 14094091?
11, 1281281
What are the prime factors of 10383991?
17, 610823
List the prime factors of 535909.
11, 43, 103
List the prime factors of 36028.
2, 9007
List the prime factors of 175943.
29, 6067
What are the prime factors of 2310230?
2, 5, 13, 1367
What are the prime factors of 16502010?
2, 3, 5, 7, 179, 439
What are the prime factors of 10620?
2, 3, 5, 59
List the prime factors of 815163.
3, 163, 1667
What are the prime factors of 1816?
2, 227
What are the prime factors of 13268538?
2, 3, 457, 1613
List the prime factors of 1046789.
103, 10163
What are the prime factors of 208428?
2, 3, 11, 1579
What are the prime factors of 14376956?
2, 11, 193, 1693
What are the prime factors of 26402920?
2, 5, 660073
List the prime factors of 148212.
2, 3, 23, 179
List the prime factors of 3231778.
2, 11, 71, 2069
List the prime factors of 4891103.
7, 698729
List the prime factors of 721013.
721013
List the prime factors of 2009064.
2, 3, 97, 863
What are the prime factors of 290174?
2, 29, 5003
List the prime factors of 4602653.
11, 418423
What are the prime factors of 615382?
2, 307691
List the prime factors of 326624.
2, 59, 173
List the prime factors of 234457.
234457
What are the prime factors of 415263?
3, 149, 929
What are the prime factors of 818437?
61, 13417
List the prime factors of 39009999.
3, 7, 619, 3001
List the prime factors of 4825349.
47, 102667
What are the prime factors of 381647?
7, 54521
List the prime factors of 83256.
2, 3, 3469
List the prime factors of 870953.
870953
List the prime factors of 211395.
3, 5, 17, 829
What are the prime factors of 633572?
2, 158393
What are the prime factors of 211794?
2, 3, 11, 3209
List the prime factors of 372250.
2, 5, 1489
What are the prime factors of 473975?
5, 18959
What are the prime factors of 3980601?
3, 17, 26017
List the prime factors of 307976.
2, 137, 281
What are the prime factors of 4248644?
2, 137, 7753
List the prime factors of 27473394.
2, 3, 13, 17, 20719
List the prime factors of 267987.
3, 89329
What are the prime factors of 10378342?
2, 13, 563, 709
What are the prime factors of 369831?
3, 7, 11, 1601
List the prime factors of 5105174.
2, 2552587
List the prime factors of 2805929.
7, 251, 1597
List the prime factors of 22211453.
11, 2019223
What are the prime factors of 1130497?
1130497
List the prime factors of 178813.
178813
List the prime factors of 828342.
2, 3, 17, 2707
List the prime factors of 9541991.
9541991
What are the prime factors of 1062626?
2, 599, 887
What are the prime factors of 2777345?
5, 227, 2447
What are the prime factors of 258522?
2, 3, 11, 3917
List the prime factors of 11439562.
2, 181, 31601
What are the prime factors of 931584?
2, 3, 1213
What are the prime factors of 343977?
3, 114659
What are the prime factors of 1551700?
2, 5, 59, 263
List the prime factors of 410787.
3, 13, 3511
List the prime factors of 34670.
2, 5, 3467
List the prime factors of 3523151.
19, 185429
List the prime factors of 7709145.
3, 5, 513943
What are the prime factors of 862466?
2, 11, 197, 199
What are the prime factors of 312216?
2, 3, 13009
What are the prime factors of 1110517?
1110517
What are the prime factors of 308801?
308801
What are the prime factors of 2067282?
2, 3, 7, 1823
List the prime factors of 9112900.
2, 5, 91129
List the prime factors of 796082.
2, 7, 101, 563
What are the prime factors of 4687501?
7, 13, 51511
What are the prime factors of 371914?
2, 185957
List the prime factors of 3467206.
2, 41, 42283
List the prime factors of 102589.
173, 593
List the prime factors of 931480.
2, 5, 11, 29, 73
What are the prime factors of 203002?
2, 101501
What are the prime factors of 3809922?
2, 3, 101, 6287
What are the prime factors of 5583605?
5, 431, 2591
List the prime factors of 39849.
3, 37, 359
List the prime factors of 8186.
2, 4093
List the prime factors of 176082.
2, 3, 29347
What are the prime factors of 122777?
122777
What are the prime factors of 16582342?
2, 7, 1184453
What are the prime factors of 6853492?
2, 1713373
What are the prime factors of 12688360?
2, 5, 317209
List the prime factors of 1138975.
5, 29, 1571
List the prime factors of 799224.
2, 3, 33301
List the prime factors of 3219481.
37, 87013
What are the prime factors of 1825697?
149, 12253
What are the prime factors of 7044336?
2, 3, 13, 53, 71
List the prime factors of 7819546.
2, 7, 558539
List the prime factors of 884893.
877, 1009
What are the prime factors of 938777?
7, 41, 3271
What are the prime factors of 253661?
253661
What are the prime factors of 46186?
2, 7, 3299
List the prime factors of 4211504.
2, 11, 23929
List the prime factors of 1367819.
1367819
List the prime factors of 669952.
2, 2617
What are the prime factors of 549120?
2, 3, 5, 11, 13
List the prime factors of 558152.
2, 7, 9967
What are the prime factors of 461228?
2, 67, 1721
What are the prime factors of 7339155?
3, 5, 17, 1693
What are the prime factors of 14287?
7, 13, 157
What are the prime factors of 11331527?
113, 100279
What are the prime factors of 7122097?
631, 11287
What are the prime factors of 174573?
3, 7, 17, 163
List the prime factors of 113305.
5, 17, 31, 43
What are the prime factors of 156653?
7, 23, 139
What are the prime factors of 209589?
3, 19, 3677
What are the prime factors of 85548?
2, 3, 7129
List the prime factors of 303414.
2, 3, 61, 829
What are the prime factors of 18396578?
2, 31, 296719
List the prime factors of 3995202.
2, 3, 449, 1483
What are the prime factors of 196763?
7, 28109
What are the prime factors of 25082567?
25082567
List the prime factors of 712572.
2, 3, 7, 17, 499
What are the prime factors of 426345?
3, 5, 43, 661
What are the prime factors of 3638584?
2, 454823
What are the prime factors of 357924?
2, 3, 7, 4261
List the prime factors of 2723534.
2, 11, 43, 2879
What are the prime factors of 429072?
2, 3, 7, 1277
What are the prime factors of 4305329?
7, 615047
List the prime factors of 1656433.
149, 11117
What are the prime factors of 3888857?
7, 31, 17921
What are the prime factors of 321671?
7, 45953
List the prime factors of 1243456.
2, 19429
What are the prime factors of 43703?
11, 29, 137
List the prime factors of 67499.
67499
List the prime factors of 1149336.
2, 3, 17, 313
List the prime factors of 71224.
2, 29, 307
List the prime factors of 296821.
7, 42403
List the prime factors of 266032.
2, 13, 1279
List the prime factors of 304419.
3, 17, 47, 127
List the prime factors of 3465.
3, 5, 7, 11
List the prime factors of 1336944.
2, 3, 7, 23, 173
What are the prime factors of 387232?
2, 12101
List the prime factors of 7823117.
19, 411743
List the prime factors of 440254.
2, 251, 877
What are the prime factors of 383645?
5, 277
List the prime factors of 23954969.
163, 281, 523
What are the prime factors of 154371?
3, 7, 7351
What are the prime factors of 2525178?
2, 3, 271, 1553
What are the prime factors of 126707?
7, 23, 787
What are the prime factors of 427987?
7, 61141
What are the prime factors of 26365?
5, 5273
List the prime factors of 551940.
2, 3, 5, 9199
What are the prime factors of 180416?
2, 2819
What are the prime factors of 2395509?
3, 798503
What are the prime factors of 463135?
5, 92627
What are the prime factors of 181436?
2, 67, 677
What are the prime factors of 12892122?
2, 3, 41, 647
List the prime factors of 22043214.
2, 3, 307, 3989
List the prime factors of 136805.
5, 27361
What are the prime factors of 13175855?
5, 7, 11, 4889
List the prime factors of 1700830.
2, 5, 283, 601
List the prime factors of 480382.
2, 7, 34313
What are the prime factors of 3920059?
11, 13, 79, 347
List the prime factors of 1493245.
5, 13, 22973
What are the prime factors of 484673?
7, 69239
What are the prime factors of 10865986?
2, 19, 269, 1063
What are the prime factors of 392779?
47, 61, 137
List the prime factors of 31244237.
47, 664771
List the prime factors of 2414191.
13, 185707
What are the prime factors of 1346231?
67, 71, 283
List the prime factors of 973380.
2, 3, 5, 16223
What are the prime factors of 337530?
2, 3, 5, 11251
What are the prime factors of 14932615?
5, 631, 4733
List the prime factors of 279765.
3, 5, 6217
List the prime factors of